t v(b) = 3*b + 6. Let p be 2/(-3) - (-13)/(-3). Let c be p*(-3 + 0)/(-3). Give v(c).
-9
Suppose 0*z - 8 = -4*z. Suppose -2*r - 6 + z = 0. Let k(f) = 2*f**2 - 1 - 4 + 3*f + 6 + f**3. Determine k(r).
-5
Suppose 4*u = -i + 21, 3*u + 19 = -i + 7*u. Let z = -3 + 6. Let b(s) = -2*s**2 + 1 + z*s + 3*s**3 - 3*s. Determine b(i).
2
Let i = -90 + 93. Let q(u) be the second derivative of 1/2*u**3 - 5/12*u**4 - 3*u + 0 - 1/20*u**5 + i*u**2. What is q(-5)?
-9
Let p(n) = n. Let i(y) = y + 5. Let q be i(-4). Let s(o) = 3*o + 2. Let a(z) = q*s(z) - 2*p(z). Calculate a(-6).
-4
Let k(l) = -l. Let c(d) = 7*d + 2. Let j(x) = c(x) + 5*k(x). Calculate j(2).
6
Suppose 0*m + 5*m + 20 = 0. Let a(k) = 10*k**3 + 2*k**2 + 4*k - 5*k**2 - 11*k**3 + 6 - 4. What is a(m)?
2
Let w(q) = -q**2 - q - 2. Let l(a) = -8*a + 46. Let t be l(6). What is w(t)?
-4
Let k(u) = -26*u**3 + 3*u + 3. Let a(i) = -79*i**3 + 11*i + 10. Let w(h) = -2*a(h) + 7*k(h). Determine w(1).
-24
Let z(q) = -q - 4. Suppose 3*m = 5*o - 40, 2*m - 7*m + 5*o - 50 = 0. Calculate z(m).
1
Suppose 3*c - k - 9 = -3*k, c = 2*k - 5. Let q(a) = a**2 - 3*a + 5*a + c + 5 + 5*a. Give q(-5).
-4
Suppose 8*y - 4 = 4*y. Let g(p) = 2*p + y + 0 - p**2 + 2*p. Determine g(3).
4
Let p(y) = y**2 + y + 1. Let d(f) = 29*f**2 + 31*f + 17. Let l(o) = -14*o**2 - 16*o - 8. Let x(m) = -4*d(m) - 7*l(m). Let s(g) = -12*p(g) - x(g). What is s(-1)?
6
Let z(b) = 4*b**2 - 4*b + 5. Let c(x) = 5*x**2 - 3*x + 6. Let l(u) = -3*c(u) + 4*z(u). Suppose 2*s + 4*a = -0*s, 0 = 2*s - 2*a - 18. Give l(s).
-4
Let k(i) = 2*i. Let x be k(-3). Let p be (x/9)/(4/(-6)). Let n(h) = 7 - p + 0*h - h. Give n(5).
1
Let k(z) = -2*z + 6. Let r(g) = -g + 2. Let w be r(0). Suppose x - 5*u - 35 = -4*x, -11 = w*x + 3*u. Suppose x*y + y - 12 = 0. Calculate k(y).
-2
Let p(k) be the first derivative of -6*k - 1 - 1/4*k**4 + 4/3*k**3 + 7/2*k**2. Suppose 4*w - 15 = w. Give p(w).
4
Suppose 6*s = 3*s + 9. Let y(f) = f + 10. Let g be y(-8). Let a(w) = -g*w + s*w - 2*w + 1. Give a(-1).
2
Let d(b) = -5*b - 3. Let n(w) = -2*w - 1. Let q(p) = -6*d(p) + 14*n(p). Determine q(5).
14
Let s be (-1 + 8)*(-4 - -3). Let n(g) = 3*g**2 - 5*g + 15. Let i(x) = 4*x**2 - 8*x + 23. Let v(r) = -5*i(r) + 7*n(r). Give v(s).
4
Let y(u) = 2*u**3 + 4*u**2 + 4*u. Let a(n) = -3*n**3 - 9*n**2 - 7*n + 1. Let d(h) = -3*a(h) - 5*y(h). Calculate d(7).
4
Let h(n) be the second derivative of -n**5/60 + n**4/4 - n**3/2 - 5*n**2/2 - 2*n. Let z(s) be the first derivative of h(s). Give z(3).
6
Let v(h) = 0*h + 2*h + 7*h - 3 + 3*h. Let f(a) = -8*a + 2. Let y(r) = 7*f(r) + 5*v(r). Determine y(2).
7
Suppose 0 = 6*h + 1 - 13. Let o(c) = c**2 - 2*c + 1. What is o(h)?
1
Let b(m) = 2*m - 7. Let v be b(11). Let w be v + -10 + -4 + 1. Let q(l) = -3*l + 3. What is q(w)?
-3
Let l(y) be the first derivative of y**3/3 - 3*y + 2. Give l(-3).
6
Let a be 26/(-22) - (-4)/22. Let d = a + 9. Let k(c) = -11*c + 9. Let n(r) = -4*r + 3. Let t(p) = d*n(p) - 3*k(p). Calculate t(4).
1
Suppose -39 = -4*p - 11. Let q(d) = -d**2 + 8*d - 4. Determine q(p).
3
Let s(m) = -m**3 - 2 - 2*m**2 + m**2 + m - 5*m**2. Determine s(-6).
-8
Let x(c) = c + 2 + 3 + 3 + c**2 + 0*c. Suppose 3*g = -3*n, -2*g = -2*n + 3*g. Give x(n).
8
Let x(d) = d**2 - 4*d + 4. Suppose -6*j = -18 - 6. What is x(j)?
4
Suppose -w = -2*w + 5*u + 2, -2*w + 3*u + 11 = 0. Let t(y) = -3 - 3*y**2 - y**3 - 4*y**2 + y**2 - w*y + y. Let r be ((-1)/(-2))/(1/(-10)). Give t(r).
2
Let m(t) = t**3 + 2*t**2 - 6*t - 5. Let d(s) = s**2 - 6*s + 1. Let b be d(5). Determine m(b).
-13
Let u be (3 + -2)*-1 - -2. Let f(l) = -l**2 + 6*l - 5. Let r be f(4). Let i(z) = z**2 - 1 + r - u - 5*z. What is i(4)?
-3
Suppose -6 = 3*a - 12. Let u(d) = 2*d**2 + 2 + d**3 - 6*d - 1 - 1 - a. Let x(n) = -n + 1. Let v be x(5). What is u(v)?
-10
Let a = 21 - 12. Suppose 2*f - 1 = -a. Let i(b) = 3*b - 5 - 6*b + b. Calculate i(f).
3
Let l(x) be the third derivative of 1/30*x**5 - 1/40*x**6 + 0 + x**2 + 0*x**3 + 0*x + 1/24*x**4. Suppose 2 = -z + 1. Give l(z).
4
Let l(b) = -3*b**2 + b**2 - 4 - b**2 - 5*b + 2*b**2. Calculate l(-6).
-10
Let y(i) = -i + 1. Suppose 3*j + 3 = -0*j. Let o be 4/(-2) - (-5 - j). Let w(k) = 8*k + 3. Let t(v) = o*y(v) - w(v). Give t(-1).
9
Let y(o) = -o**3 + 5*o**2 - 4*o + 2. Let g be y(4). Let b(l) = l**3 - 2*l**2 + l + 1. What is b(g)?
3
Let f(d) = -2*d**2 + 3*d + 3. Suppose -5*o = 11*o - 48. What is f(o)?
-6
Let v(f) = 14*f**2 - 20*f + 46. Let w(x) = -5*x**2 + 7*x - 15. Let m(h) = 6*v(h) + 17*w(h). Determine m(0).
21
Let u(n) be the second derivative of -n**4/12 - n**3 + n**2/2 + n. Let c = 1 - -3. Suppose 0 = 8*s - c*s + 20. What is u(s)?
6
Let g = -29 + 31. Let p(m) = m. What is p(g)?
2
Let x(v) = 21. Let h(m) = -1. Let l(w) = 18*h(w) + x(w). Let t(b) = -b - 33. Let o be t(0). Let d(i) = -i + 16. Let z(u) = o*l(u) + 6*d(u). What is z(-2)?
9
Let s(h) = h + 6. Let p be s(-4). Let c(t) = -t**3 + 3*t + 2*t + 0*t**3 + 3 - t**p. Suppose 4*v - 4*d = -5*d - 11, -5*v + 2*d - 17 = 0. What is c(v)?
6
Let x(j) = -j + 1. Let k(n) = 5*n + 1. Let a(i) = -k(i) - 4*x(i). Give a(-3).
-2
Suppose 2*t - 7 = -21. Let c = t + 8. Let n(b) be the first derivative of -3*b**2/2 - b - 1. Give n(c).
-4
Suppose -3*c + 7*c + 24 = 0. Let s(n) = -n**2 - 5*n + 14. Let x be s(-7). Let u(b) = x*b**2 + 5*b**2 + 2*b**3 + 4 - b**3 + 6*b + 2*b**2. Determine u(c).
4
Let g(a) = -5 + 2*a - 2*a + 3*a - 2*a. Give g(0).
-5
Let i(r) be the third derivative of -r**5/60 + r**3/3 - 4*r**2. Calculate i(2).
-2
Let x(q) = q**3. Suppose -5*i = -8*i + 3. What is x(i)?
1
Let t(z) = 7*z - 9*z + 2 + z**3 + z**2 + 0*z - 2*z**3. Give t(2).
-6
Suppose -2*b + 3*a - 2 = -25, b + 4*a + 16 = 0. Suppose 0 = 2*u - 4*u + 4. Let d(r) = r - u*r + 0*r. Give d(b).
-4
Let r(i) = i**2 + i. Suppose 0 = -4*y + 23 + 17. Suppose -12*d - y = -7*d. What is r(d)?
2
Let b(s) be the third derivative of s**8/20160 + s**7/1008 - 7*s**6/720 + s**5/20 + 4*s**2. Let r(f) be the third derivative of b(f). Determine r(-5).
-7
Let z(j) = j + 4 + j**2 - j**3 - j + 2*j. Let d = 150 - 147. What is z(d)?
-8
Let n(s) = -s**3 - 11*s**2 - 11*s - 6. Let j be n(-10). Let q(v) be the third derivative of 2*v**2 + 0*v - 1/60*v**5 - 5/24*v**j + 2/3*v**3 + 0. Give q(-5).
4
Let t(k) = k**3 - 8*k**2 + 8*k - 4. Suppose 0 = 2*b + 5*f - 14, -b + 4*b - 21 = 2*f. Calculate t(b).
3
Let p(w) = w**3 - 9*w**2 - 10*w + 2. Let n be (-2)/(-7) + (-272)/(-28). What is p(n)?
2
Let m(i) = -2*i - 1. Let q be m(-1). Let f(l) = 3*l**2 - 1. Let k be f(q). Let z(n) = n**2 - 2*n - 1. Determine z(k).
-1
Let u(d) = 2*d**2 - 3*d - 2. Let v = 28 + -30. What is u(v)?
12
Let m = 5 - 3. Suppose 0 = 5*y + 5*n - 41 + 1, -26 = -3*y - 2*n. Suppose 3*g + m*g = -y. Let k(b) = -3*b**2 - 2*b. Give k(g).
-8
Suppose 0 = -5*o - 3 - 2. Let h(g) = -2*g - 1. Let q be h(o). Let c be (1 - 3)*(-1 - q). Let k(t) = -t**2 + 4*t - 5. Calculate k(c).
-5
Let c(h) = 2*h**2 - h**2 - 4 + 0 - 1 + 3*h. Let q be (9/(-6))/(1/(-4)). Let d be (10/q)/((-1)/3). What is c(d)?
5
Let x(o) = -5*o**2 + 37 - 5*o - 34 + 4*o**2. Determine x(-4).
7
Suppose -22 = 3*q - 5*y, 2*y + 7 = -3*q + 4*y. Let v(b) = 2*b + 5 - q + 1 + 0. Let t = -8 - -4. Give v(t).
-3
Let t(g) be the third derivative of g**5/60 - g**4/4 + 2*g**3/3 - 15*g**2. Give t(5).
-1
Let s(y) = -1 + 1 - 2*y**2. Suppose 5*d = -4*p + 2*p + 19, -4*d = -4*p - 4. Suppose -4 = d*g - g. Determine s(g).
-8
Let q(u) = u**3 - 5*u**2 + u - 2. Let a be (42/35)/((-6)/40). Let w = 6 + 7. Let h = w + a. What is q(h)?
3
Let n be 4/(-5)*15/(-3). Let v(b) = -b**2 - 5*b + 1. Let x be v(-5). Let t(z) = 0 + x + 3*z - 6. What is t(n)?
7
Let t(a) be the third derivative of 0 + 1/24*a**4 - a**3 + 0*a - 2*a**2. What is t(5)?
-1
Let x be 1*6 - (0 - -2). Let y(z) = 17 - 10 - z - x*z - 6. What is y(2)?
-9
Let c = 7 + -5. Let t(v) = 2*v**c + 3*v - 4 + 3 + 3. Give t(-2).
4
Let j(f) = f**3 - 7*f**2 - 5*f - 2. Let c(p) = p. Let t(w) = 5*c(w) + j(w). Calculate t(7).
-2
Let x(v) be the third derivative of v**6/120 - v**5/12 - 7*v**4/24 + v**3 + 29*v**2. What is x(6)?
0
Let l(w) = -3*w - 1. Let z(s) = s**2 - 2. Let t be z(2). Suppose -5*u + 2*p - 62 = 58, -4*p = u + 24. Let h be t/6 + (-16)/u. Give l(h).
-4
Suppose -3*j = j. Suppose -3*x - 3 + j = 0. Let n(y) = -5*y**2 - 6*y - 1. Let s(i) = -i**2 - i. Let l(c) = n(c) - 6*s(c). Determine l(x).
0
Let